{"id":822,"date":"2020-12-02T05:02:08","date_gmt":"2020-12-02T05:02:08","guid":{"rendered":"http:\/\/www.slashcreative.co\/dmip\/psychare\/?page_id=822"},"modified":"2025-01-19T17:24:56","modified_gmt":"2025-01-19T16:24:56","slug":"kids-family","status":"publish","type":"page","link":"https:\/\/therapieducoach.com\/index.php\/programs\/kids-family\/","title":{"rendered":"Coaching"},"content":{"rendered":"<p>[vc_row content_style=&#8221;content_dark&#8221;][vc_column content_style=&#8221;content_dark&#8221;][vc_custom_heading source=&#8221;&#8221; text=&#8221;Coaching : Entrepreneuriat, \u00c9ducation, D\u00e9veloppement Personnel et Spiritualit\u00e9&#8221; font_container=&#8221;tag:h3|font_size:27|text_align:left&#8221; custom_heading_font_weights=&#8221;font-700&#8243; css=&#8221;.vc_custom_1732925528688{margin-bottom: 20px !important;}&#8221;][vc_custom_heading source=&#8221;&#8221; text=&#8221;Nos services de coaching sont pens\u00e9s pour vous accompagner dans une d\u00e9marche globale d\u2019\u00e9panouissement, qu\u2019il s\u2019agisse de r\u00e9ussir dans l\u2019entrepreneuriat, d\u2019atteindre vos objectifs scolaires ou d\u2019explorer votre d\u00e9veloppement personnel et spirituel. Avec un accompagnement sur mesure et le soutien de professionnels sp\u00e9cialis\u00e9s, nous vous aidons \u00e0 surmonter les d\u00e9fis, \u00e0 construire vos projets et \u00e0 trouver un \u00e9quilibre profond dans votre vie.&#8221; font_container=&#8221;tag:p|font_size:18|text_align:left&#8221; custom_heading_font_weights=&#8221;font-600&#8243; css=&#8221;.vc_custom_1732925542446{margin-bottom: 25px !important;}&#8221;][vc_single_image image=&#8221;1393&#8243; img_size=&#8221;full&#8221; alignment=&#8221;center&#8221;][\/vc_column][\/vc_row][vc_row content_style=&#8221;content_dark&#8221;][vc_column content_style=&#8221;content_dark&#8221;][vc_custom_heading source=&#8221;&#8221; text=&#8221;Un accompagnement global et inspirant&#8221; font_container=&#8221;tag:h3|font_size:27|text_align:left&#8221; custom_heading_font_weights=&#8221;font-700&#8243; css=&#8221;.vc_custom_1732925583816{margin-bottom: 20px !important;}&#8221;][vc_custom_heading source=&#8221;&#8221; text=&#8221;Que vous soyez un \u00e9tudiant cherchant \u00e0 exceller, un entrepreneur en qu\u00eate de strat\u00e9gie ou une personne en recherche de sens, nos s\u00e9ances de coaching visent \u00e0 r\u00e9v\u00e9ler votre potentiel tout en int\u00e9grant une dimension spirituelle. Nous travaillons sur des axes tels que la confiance en soi, la gestion des objectifs, la r\u00e9silience et la qu\u00eate d\u2019une harmonie int\u00e9rieure. L\u2019id\u00e9e est de vous aider \u00e0 trouver du sens dans vos exp\u00e9riences, tout en vous guidant vers une vision claire et align\u00e9e de votre vie.&#8221; font_container=&#8221;tag:p|text_align:left&#8221; custom_heading_font_weights=&#8221;font-400&#8243; css=&#8221;.vc_custom_1732925597702{margin-bottom: 24px !important;}&#8221;][vc_custom_heading source=&#8221;&#8221; text=&#8221;Une collaboration pluridisciplinaire&#8221; font_container=&#8221;tag:h3|font_size:27|text_align:left&#8221; custom_heading_font_weights=&#8221;font-700&#8243; css=&#8221;.vc_custom_1732925635659{margin-bottom: 20px !important;}&#8221;][vc_custom_heading source=&#8221;&#8221; text=&#8221;En compl\u00e9ment de mon expertise, je collabore avec des professionnels sp\u00e9cialis\u00e9s en coaching scolaire, entrepreneuriat et spiritualit\u00e9. Cette approche holistique vous permet de b\u00e9n\u00e9ficier d\u2019un accompagnement personnalis\u00e9, adapt\u00e9 \u00e0 vos besoins sp\u00e9cifiques : qu\u2019il s\u2019agisse de relever des d\u00e9fis acad\u00e9miques, de structurer vos projets professionnels ou d\u2019approfondir votre connexion spirituelle pour mieux comprendre votre chemin de vie.&#8221; font_container=&#8221;tag:p|text_align:left&#8221; custom_heading_font_weights=&#8221;font-400&#8243; css=&#8221;.vc_custom_1732925656375{margin-bottom: 24px !important;}&#8221;][vc_custom_heading source=&#8221;&#8221; text=&#8221;En compl\u00e9ment de mon expertise, je collabore avec des professionnels sp\u00e9cialis\u00e9s en coaching scolaire, entrepreneuriat et spiritualit\u00e9. Cette approche holistique vous permet de b\u00e9n\u00e9ficier d\u2019un accompagnement personnalis\u00e9, adapt\u00e9 \u00e0 vos besoins sp\u00e9cifiques : qu\u2019il s\u2019agisse de relever des d\u00e9fis acad\u00e9miques, de structurer vos projets professionnels ou d\u2019approfondir votre connexion spirituelle pour mieux comprendre votre chemin de vie.&#8221; font_container=&#8221;tag:p|text_align:left&#8221; custom_heading_font_weights=&#8221;font-400&#8243; css=&#8221;.vc_custom_1732925656375{margin-bottom: 24px !important;}&#8221;][vc_custom_heading source=&#8221;&#8221; text=&#8221;Un chemin vers la r\u00e9ussite et l\u2019harmonie&#8221; font_container=&#8221;tag:h3|font_size:27|text_align:left&#8221; custom_heading_font_weights=&#8221;font-700&#8243; css=&#8221;.vc_custom_1732925675198{margin-bottom: 20px !important;}&#8221;][vc_custom_heading source=&#8221;&#8221; text=&#8221;Notre mission est de vous accompagner dans la construction d\u2019une vie riche de sens et de succ\u00e8s, en cultivant votre estime de vous-m\u00eame, en renfor\u00e7ant vos comp\u00e9tences et en vous reconnectant \u00e0 vos aspirations profondes, qu\u2019elles soient personnelles, professionnelles ou spirituelles.&#8221; font_container=&#8221;tag:p|text_align:left&#8221; custom_heading_font_weights=&#8221;font-400&#8243; css=&#8221;.vc_custom_1732925723348{margin-bottom: 24px !important;}&#8221;][vc_custom_heading source=&#8221;&#8221; text=&#8221;Faites le choix d\u2019un accompagnement qui vous guide \u00e0 la fois dans vos projets concrets et dans votre cheminement int\u00e9rieur. Prenez le premier pas d\u00e8s aujourd\u2019hui pour avancer vers une vie en pleine coh\u00e9rence avec vos valeurs et vos ambitions.&#8221; font_container=&#8221;tag:p|text_align:left&#8221; custom_heading_font_weights=&#8221;font-400&#8243; css=&#8221;.vc_custom_1732925755279{margin-bottom: 24px !important;}&#8221;][vc_separator color=&#8221;custom&#8221; accent_color=&#8221;#eeeeee&#8221; css=&#8221;.vc_custom_1606374141624{margin-bottom: 30px !important;}&#8221;][\/vc_column][\/vc_row][vc_row content_style=&#8221;content_dark&#8221; disable_element=&#8221;yes&#8221;][vc_column content_style=&#8221;content_dark&#8221;][vc_custom_heading source=&#8221;&#8221; text=&#8221;How therapy can save your relationship?&#8221; font_container=&#8221;tag:h3|font_size:27|text_align:left|line_height:35px&#8221; custom_heading_font_weights=&#8221;font-700&#8243; css=&#8221;.vc_custom_1606374254853{margin-bottom: 20px !important;}&#8221;][vc_custom_heading source=&#8221;&#8221; text=&#8221;Condimentum torquent ornare conubia pede at ridiculus ad consequat conubia etiam lacus tortor, ac phasellus ultrices sollicitudin nullam fames odio suscipit tristique lacus luctus integer Mauris ligula sed velit ullamcorper pellentesque dapibus hymenaeos varius congue, libero et mattis. Ligula. Elit. Faucibus class euismod non varius taciti sapien nostra euismod.&#8221; font_container=&#8221;tag:p|text_align:left&#8221; custom_heading_font_weights=&#8221;font-400&#8243;][vc_empty_space][vc_row_inner equal_height=&#8221;yes&#8221; content_placement=&#8221;middle&#8221;][vc_column_inner width=&#8221;1\/2&#8243;][vc_single_image image=&#8221;920&#8243; img_size=&#8221;full&#8221; alignment=&#8221;center&#8221;][\/vc_column_inner][vc_column_inner width=&#8221;1\/2&#8243;][vc_custom_heading source=&#8221;&#8221; text=&#8221;At justo at nulla senectus phasellus porttitor op mattis dui mus per tincidunt Parturient class de blandit, montes nulla. Id habitasse ligula fames etiam. Quam hac etiam primis aptent nullam ligula dolor taciti quam.&#8221; font_container=&#8221;tag:p|text_align:left&#8221; custom_heading_font_weights=&#8221;font-400&#8243; css=&#8221;.vc_custom_1606374363179{margin-bottom: 24px !important;}&#8221;][vc_column_text]<\/p>\n<ul style=\"padding-left: 17px;\">\n<li style=\"margin-bottom: 10px;\">Nullam nostra dis nibh ut sollicitudin vel at eros Erat in ornare risus adipiscing eget suscipit.<\/li>\n<li style=\"margin-bottom: 10px;\">Eu mollis dictum metus nisl diam purus ante nam natoque risus netus condimentum etiam pede porttitor leo duis.<\/li>\n<li>Morbi faucibus iaculis faucibus mollis lacus platea velit<\/li>\n<\/ul>\n<p>[\/vc_column_text][\/vc_column_inner][\/vc_row_inner][vc_separator color=&#8221;custom&#8221; accent_color=&#8221;#eeeeee&#8221; css=&#8221;.vc_custom_1606374739848{margin-top: 20px !important;margin-bottom: 30px !important;}&#8221;][\/vc_column][\/vc_row][vc_row content_style=&#8221;content_dark&#8221; disable_element=&#8221;yes&#8221;][vc_column content_style=&#8221;content_dark&#8221;][vc_custom_heading source=&#8221;&#8221; text=&#8221;Our Therapy Process&#8221; font_container=&#8221;tag:h4|font_size:21|text_align:left&#8221; custom_heading_font_weights=&#8221;font-700&#8243;][vc_column_text]<\/p>\n<p>Magnis hendrerit tempor commodo Venenatis quam nec nec. Purus proin egestas mi donec dictumst eget rhoncus porttitor diam diam placerat etiam ultricies. Morbi id feugiat sociosqu vel. Bibendum nonummy hac. Varius. Sapien. Sociis nec per, sem dui posuere in dis habitasse. Nec ultricies. Nec torquent posuere habitasse gravida dictum purus.<\/p>\n<p style=\"margin-top: 30px;\">Call <a style=\"font-weight: bold; text-decoration: underline;\" href=\"#\">+1 921 124 9220 <\/a>and book an appointment now.<\/p>\n<p>[\/vc_column_text][\/vc_column][\/vc_row]<\/p>\n","protected":false},"excerpt":{"rendered":"<p>[vc_row content_style=&#8221;content_dark&#8221;][vc_column content_style=&#8221;content_dark&#8221;][vc_custom_heading source=&#8221;&#8221; text=&#8221;Coaching : Entrepreneuriat, \u00c9ducation, D\u00e9veloppement Personnel et Spiritualit\u00e9&#8221; font_container=&#8221;tag:h3|font_size:27|text_align:left&#8221; custom_heading_font_weights=&#8221;font-700&#8243; css=&#8221;.vc_custom_1732925528688{margin-bottom: 20px !important;}&#8221;][vc_custom_heading source=&#8221;&#8221; text=&#8221;Nos services de coaching sont pens\u00e9s pour vous accompagner dans une d\u00e9marche globale d\u2019\u00e9panouissement, qu\u2019il s\u2019agisse de r\u00e9ussir dans l\u2019entrepreneuriat, d\u2019atteindre vos objectifs scolaires ou d\u2019explorer votre d\u00e9veloppement personnel et spirituel. Avec un accompagnement sur mesure et [&hellip;]<\/p>\n","protected":false},"author":1,"featured_media":1414,"parent":657,"menu_order":0,"comment_status":"closed","ping_status":"closed","template":"sidebar-right.php","meta":[],"_links":{"self":[{"href":"https:\/\/therapieducoach.com\/index.php\/wp-json\/wp\/v2\/pages\/822"}],"collection":[{"href":"https:\/\/therapieducoach.com\/index.php\/wp-json\/wp\/v2\/pages"}],"about":[{"href":"https:\/\/therapieducoach.com\/index.php\/wp-json\/wp\/v2\/types\/page"}],"author":[{"embeddable":true,"href":"https:\/\/therapieducoach.com\/index.php\/wp-json\/wp\/v2\/users\/1"}],"replies":[{"embeddable":true,"href":"https:\/\/therapieducoach.com\/index.php\/wp-json\/wp\/v2\/comments?post=822"}],"version-history":[{"count":5,"href":"https:\/\/therapieducoach.com\/index.php\/wp-json\/wp\/v2\/pages\/822\/revisions"}],"predecessor-version":[{"id":1415,"href":"https:\/\/therapieducoach.com\/index.php\/wp-json\/wp\/v2\/pages\/822\/revisions\/1415"}],"up":[{"embeddable":true,"href":"https:\/\/therapieducoach.com\/index.php\/wp-json\/wp\/v2\/pages\/657"}],"wp:featuredmedia":[{"embeddable":true,"href":"https:\/\/therapieducoach.com\/index.php\/wp-json\/wp\/v2\/media\/1414"}],"wp:attachment":[{"href":"https:\/\/therapieducoach.com\/index.php\/wp-json\/wp\/v2\/media?parent=822"}],"curies":[{"name":"wp","href":"https:\/\/api.w.org\/{rel}","templated":true}]}}